t of 10218188?
1
What is the units digit of 16251?
1
What is the ten millions digit of 11833623?
1
What is the thousands digit of 1399116?
9
What is the thousands digit of 648239?
8
What is the ten thousands digit of 100974?
0
What is the hundred thousands digit of 328057?
3
What is the tens digit of 93233?
3
What is the millions digit of 12086256?
2
What is the ten thousands digit of 300965?
0
What is the tens digit of 944741?
4
What is the units digit of 9756?
6
What is the hundreds digit of 3297592?
5
What is the thousands digit of 1521183?
1
What is the hundred thousands digit of 2377998?
3
What is the hundred thousands digit of 410308?
4
What is the units digit of 7934999?
9
What is the ten thousands digit of 16217934?
1
What is the ten thousands digit of 143756?
4
What is the thousands digit of 6085399?
5
What is the units digit of 280891?
1
What is the units digit of 200226?
6
What is the tens digit of 212940?
4
What is the tens digit of 76372?
7
What is the tens digit of 6054?
5
What is the units digit of 10347110?
0
What is the hundreds digit of 5941094?
0
What is the hundreds digit of 232313?
3
What is the ten thousands digit of 822052?
2
What is the hundred thousands digit of 252358?
2
What is the ten thousands digit of 761832?
6
What is the ten millions digit of 36995885?
3
What is the ten thousands digit of 6530590?
3
What is the thousands digit of 15940083?
0
What is the hundreds digit of 1078510?
5
What is the ten thousands digit of 12779859?
7
What is the hundred thousands digit of 971975?
9
What is the millions digit of 5431550?
5
What is the tens digit of 337680?
8
What is the units digit of 175319?
9
What is the tens digit of 690228?
2
What is the hundreds digit of 363545?
5
What is the ten thousands digit of 394264?
9
What is the hundred thousands digit of 553623?
5
What is the thousands digit of 663830?
3
What is the units digit of 3377031?
1
What is the hundreds digit of 18339757?
7
What is the hundred thousands digit of 17007980?
0
What is the tens digit of 536521?
2
What is the hundred thousands digit of 303722?
3
What is the hundred thousands digit of 779143?
7
What is the ten thousands digit of 263833?
6
What is the tens digit of 718785?
8
What is the tens digit of 76704?
0
What is the thousands digit of 25614?
5
What is the hundreds digit of 4172790?
7
What is the hundreds digit of 226046?
0
What is the units digit of 5152104?
4
What is the units digit of 331118?
8
What is the hundred thousands digit of 9714189?
7
What is the hundred thousands digit of 23454848?
4
What is the units digit of 157655?
5
What is the units digit of 21394925?
5
What is the units digit of 5525187?
7
What is the tens digit of 3077296?
9
What is the ten thousands digit of 1126151?
2
What is the hundreds digit of 317074?
0
What is the hundred thousands digit of 215371?
2
What is the tens digit of 320684?
8
What is the hundred thousands digit of 1366499?
3
What is the hundred thousands digit of 293819?
2
What is the thousands digit of 1541577?
1
What is the hundred thousands digit of 3041408?
0
What is the millions digit of 14486768?
4
What is the tens digit of 516121?
2
What is the ten thousands digit of 541417?
4
What is the units digit of 9565079?
9
What is the thousands digit of 815200?
5
What is the units digit of 902158?
8
What is the tens digit of 188462?
6
What is the thousands digit of 15162413?
2
What is the hundred thousands digit of 422648?
4
What is the hundreds digit of 9931747?
7
What is the units digit of 330713?
3
What is the ten thousands digit of 3134040?
3
What is the millions digit of 1285854?
1
What is the thousands digit of 3784562?
4
What is the hundreds digit of 255087?
0
What is the hundred thousands digit of 451914?
4
What is the hundreds digit of 210472?
4
What is the thousands digit of 12816399?
6
What is the millions digit of 4323058?
4
What is the thousands digit of 2624790?
4
What is the thousands digit of 7711583?
1
What is the hundreds digit of 6732973?
9
What is the units digit of 6002275?
5
What is the ten thousands digit of 257605?
5
What is the tens digit of 8953149?
4
What is the hundred thousands digit of 641552?
6
What is the hundreds digit of 3375172?
1
What is the units digit of 10421436?
6
What is the tens digit of 3136473?
7
What is the tens digit of 1485162?
6
What is the units digit of 1673034?
4
What is the ten millions digit of 22229860?
2
What is the tens digit of 770672?
7
What is the millions digit of 1801365?
1
What is the ten thousands digit of 3764860?
6
What is the thousands digit of 428384?
8
What is the units digit of 5679151?
1
What is the hundred thousands digit of 13315345?
3
What is the tens digit of 722081?
8
What is the hundreds digit of 165310?
3
What is the hundred thousands digit of 1647475?
6
What is the hundred thousands digit of 1631842?
6
What is the tens digit of 9460694?
9
What is the hundred thousands digit of 866967?
8
What is the units digit of 57221?
1
What is the ten thousands digit of 412879?
1
What is the hundred thousands digit of 755525?
7
What is the hundreds digit of 1962145?
1
What is the thousands digit of 479055?
9
What is the tens digit of 3613634?
3
What is the thousands digit of 1797642?
7
What is the thousands digit of 283813?
3
What is the ten millions digit of 34144011?
3
What is the hundred thousands digit of 3339995?
3
What is the tens digit of 2036092?
9
What is the tens digit of 498617?
1
What is the units digit of 139004?
4
What is the hundreds digit of 825358?
3
What is the units digit of 439755?
5
What is the units digit of 1167359?
9
What is the thousands digit of 5626200?
6
What is the millions digit of 3842827?
3
What is the thousands digit of 586531?
6
What is the thousands digit of 33968?
3
What is the tens digit of 976335?
3
What is the tens digit of 21703387?
8
What is the hundreds digit of 3455068?
0
What is the hundreds digit of 7363016?
0
What is the ten thousands digit of 27617738?
1
What is the hundred thousands digit of 2428291?
4
What is the hundred thousands digit of 1520326?
5
What is the ten thousands digit of 8835721?
3
What is the units digit of 5268687?
7
What is the hundred thousands digit of 1195266?
1
What is the hundreds digit of 33675364?
3
What is the units digit of 893127?
7
What is the hundreds digit of 97509?
5
What is the units digit of 854984?
4
What is the ten thousands digit of 990071?
9
What is the tens digit of 1045917?
1
What is the thousands digit of 119421?
9
What is the tens digit of 626926?
2
What is the thousands digit of 5353120?
3
What is the ten thousands digit of 119088?
1
What is the hundreds digit of 276197?
1
What is the units digit of 4025325?
5
What is the ten thousands digit of 143896?
4
What is the units digit of 297458?
8
What is the tens digit of 875990?
9
What is the ten thousands digit of 87746?
8
What is the thousands digit of 69639?
9
What is the hundreds digit of 242195?
1
What is the ten thousands digit of 717776?
1
What is the millions digit of 5773772?
5
What is the hundred thousands digit of 2145854?
1
What is the thousands digit of 1834233?
4
What is the hundred thousands digit of 1374769?
3
What is the hundreds digit of 756072?
0
What is the hundreds digit of 1302627?
6
What is the millions digit of 2393749?
2
What is the hundred thousands digit of 16197853?
1
What is the hundreds digit of 123507?
5
What is the thousands digit of 37347?
7
What is the tens digit of 404390?
9
What is the thousands digit of 575004?
5
What is the tens digit of 107489?
8
What is the units digit of 61680?
0
What is the hundred thousands digit of 2275546?
2
What is the millions digit of 7921642?
7
What is the ten thousands digit of 68518?
6
What is the ten thousands digit of 5145784?
4
What is the ten thousands digit of 9911046?
1
What is the hundreds digit of 5478325?
3
What is the thousands digit of 4913336?
3
What is the hundred thousands digit of 4348405?
3
What is the hundreds digit of 1453873?
8
What is the tens digit of 11678658?
5
What is the tens digit of 109534?
3
What is the tens digit of 2200920?
2
What is the millions digit of 2136329?
2
What is the thousands digit of 1198722?
8
What is the thousands digit of 23241450?
1
What is the ten thousands digit of 208637?
0
What is the units digit